 is the remainder when 18687 is divided by 18673?
14
What is the remainder when 14736 is divided by 2942?
26
Calculate the remainder when 30889 is divided by 185.
179
Calculate the remainder when 1055 is divided by 368.
319
What is the remainder when 9742 is divided by 39?
31
What is the remainder when 47800 is divided by 209?
148
What is the remainder when 9681 is divided by 42?
21
What is the remainder when 4413 is divided by 173?
88
Calculate the remainder when 3835 is divided by 666.
505
What is the remainder when 5131 is divided by 126?
91
Calculate the remainder when 16408 is divided by 655.
33
Calculate the remainder when 8747 is divided by 2423.
1478
What is the remainder when 2516 is divided by 104?
20
What is the remainder when 50 is divided by 43?
7
What is the remainder when 480 is divided by 88?
40
What is the remainder when 18528 is divided by 2057?
15
Calculate the remainder when 6847 is divided by 6835.
12
What is the remainder when 30537 is divided by 10?
7
What is the remainder when 101040 is divided by 401?
389
Calculate the remainder when 1151921 is divided by 1341.
2
Calculate the remainder when 16116 is divided by 8044.
28
What is the remainder when 46409 is divided by 238?
237
Calculate the remainder when 141165 is divided by 346.
343
What is the remainder when 7763 is divided by 958?
99
What is the remainder when 204929 is divided by 22?
21
Calculate the remainder when 48661 is divided by 473.
415
Calculate the remainder when 160624 is divided by 204.
76
Calculate the remainder when 11068 is divided by 345.
28
What is the remainder when 74371 is divided by 729?
13
What is the remainder when 902032 is divided by 14?
12
Calculate the remainder when 137017 is divided by 31.
28
Calculate the remainder when 1057 is divided by 3.
1
Calculate the remainder when 18843 is divided by 373.
193
Calculate the remainder when 2054 is divided by 52.
26
What is the remainder when 2562592 is divided by 1055?
1052
Calculate the remainder when 22312 is divided by 59.
10
What is the remainder when 41895 is divided by 20698?
499
What is the remainder when 169071 is divided by 172?
167
What is the remainder when 5325 is divided by 9?
6
Calculate the remainder when 4241 is divided by 1316.
293
Calculate the remainder when 338466 is divided by 21.
9
What is the remainder when 173111 is divided by 21638?
7
Calculate the remainder when 2341 is divided by 46.
41
Calculate the remainder when 15508 is divided by 487.
411
What is the remainder when 35262 is divided by 560?
542
What is the remainder when 17971 is divided by 191?
17
What is the remainder when 13173 is divided by 1188?
105
What is the remainder when 15642 is divided by 7803?
36
Calculate the remainder when 76140 is divided by 281.
270
Calculate the remainder when 222345 is divided by 42.
39
Calculate the remainder when 10428972 is divided by 25.
22
What is the remainder when 278616 is divided by 5?
1
Calculate the remainder when 324698 is divided by 179.
171
What is the remainder when 336443 is divided by 751?
746
Calculate the remainder when 2697 is divided by 17.
11
What is the remainder when 4528 is divided by 2220?
88
What is the remainder when 37590 is divided by 37504?
86
Calculate the remainder when 750 is divided by 350.
50
Calculate the remainder when 368631 is divided by 118.
117
Calculate the remainder when 58769 is divided by 58466.
303
What is the remainder when 2169 is divided by 346?
93
What is the remainder when 807623 is divided by 1593?
1565
Calculate the remainder when 41740 is divided by 222.
4
What is the remainder when 8022557 is divided by 988?
985
What is the remainder when 563320 is divided by 13412?
16
Calculate the remainder when 3033 is divided by 25.
8
Calculate the remainder when 27267 is divided by 26.
19
What is the remainder when 57286 is divided by 462?
460
What is the remainder when 114845 is divided by 335?
275
Calculate the remainder when 41889 is divided by 23.
6
Calculate the remainder when 55271 is divided by 13814.
15
Calculate the remainder when 5532 is divided by 1057.
247
What is the remainder when 7756 is divided by 267?
13
Calculate the remainder when 243158 is divided by 364.
6
What is the remainder when 58822 is divided by 14704?
6
What is the remainder when 965 is divided by 9?
2
Calculate the remainder when 588760 is divided by 76.
64
Calculate the remainder when 53661 is divided by 565.
551
Calculate the remainder when 1901472 is divided by 102.
90
Calculate the remainder when 11616 is divided by 204.
192
What is the remainder when 51968 is divided by 51945?
23
Calculate the remainder when 225283 is divided by 68.
67
Calculate the remainder when 6592 is divided by 104.
40
What is the remainder when 2148 is divided by 13?
3
What is the remainder when 1081015 is divided by 360337?
4
Calculate the remainder when 220596 is divided by 1149.
1137
What is the remainder when 138997 is divided by 993?
970
Calculate the remainder when 26405 is divided by 372.
365
Calculate the remainder when 567026 is divided by 26.
18
What is the remainder when 16265 is divided by 44?
29
Calculate the remainder when 14472862 is divided by 126.
124
Calculate the remainder when 12500 is divided by 4158.
26
Calculate the remainder when 3709 is divided by 1845.
19
What is the remainder when 30438 is divided by 2754?
144
What is the remainder when 1388 is divided by 230?
8
Calculate the remainder when 48055 is divided by 2184.
7
What is the remainder when 1663 is divided by 107?
58
Calculate the remainder when 4722 is divided by 213.
36
What is the remainder when 30048 is divided by 50?
48
Calculate the remainder when 21390 is divided by 10695.
0
Calculate the remainder when 400 is divided by 194.
12
Calculate the remainder when 2290 is divided by 56.
50
What is the remainder when 34608 is divided by 18?
12
Calculate the remainder when 598214 is divided by 19.
18
What is the remainder when 3377 is divided by 47?
40
What is the remainder when 1567 is divided by 196?
195
What is the remainder when 225999 is divided by 42?
39
What is the remainder when 7022 is divided by 701?
12
Calculate the remainder when 912 is divided by 286.
54
What is the remainder when 4803 is divided by 158?
63
What is the remainder when 648 is divided by 413?
235
What is the remainder when 4157 is divided by 167?
149
Calculate the remainder when 1969 is divided by 108.
25
What is the remainder when 121664 is divided by 254?
252
What is the remainder when 4621 is divided by 386?
375
What is the remainder when 81949 is divided by 232?
53
What is the remainder when 58540 is divided by 1721?
26
Calculate the remainder when 2813 is divided by 2792.
21
What is the remainder when 8613 is divided by 1054?
181
What is the remainder when 1608 is divided by 1582?
26
What is the remainder when 324115 is divided by 108032?
19
Calculate the remainder when 5504 is divided by 83.
26
Calculate the remainder when 12246 is divided by 6112.
22
Calculate the remainder when 23153 is divided by 16.
1
What is the remainder when 1768 is divided by 122?
60
What is the remainder when 43515 is divided by 12?
3
What is the remainder when 153071 is divided by 206?
13
What is the remainder when 7021290 is divided by 241?
237
What is the remainder when 15610 is divided by 252?
238
What is the remainder when 48475 is divided by 103?
65
What is the remainder when 5024 is divided by 10?
4
Calculate the remainder when 78104 is divided by 2110.
34
What is the remainder when 19949 is divided by 1328?
29
What is the remainder when 2356 is divided by 622?
490
Calculate the remainder when 27356 is divided by 9117.
5
What is the remainder when 6899 is divided by 466?
375
What is the remainder when 84804 is divided by 28221?
141
What is the remainder when 2121 is divided by 704?
9
What is the remainder when 8877 is divided by 57?
42
What is the remainder when 190469 is divided by 28?
13
What is the remainder when 334968 is divided by 779?
777
Calculate the remainder when 7098 is divided by 1487.
1150
What is the remainder when 2809 is divided by 2691?
118
What is the remainder when 146265 is divided by 155?
100
Calculate the remainder when 2514 is divided by 505.
494
What is the remainder when 121401 is divided by 2581?
94
What is 